Let t(m) be the second derivative of 0 + 1/6*m**3 - 5*m - 3/2*m**2. What is the units digit of t(6)?
3
Let z = -14 + 14. Suppose z*m - 5*t = m + 8, -3*t - 37 = -4*m. What is the units digit of m?
7
What is the tens digit of 63 - ((-1)/(-1) + 0)/1?
6
Let o be (-128)/9 + (-5)/45*-2. What is the tens digit of (-130)/(-1) - (14 + o)?
3
Suppose 0 = -q + 4*q - 4*x - 8, -4*q = -3*x - 6. Suppose -v + 3*w - 78 = -4*v, 5*v + 4*w - 133 = q. What is the units digit of v?
9
Let o = -218 + 971. What is the units digit of o?
3
Let r = 8941 + -5051. What is the hundreds digit of r?
8
Let i(y) = 2 - 17*y + 20*y + 5 + 60. What is the tens digit of i(12)?
0
Let d = -1 + 12. Suppose 4 + d = 5*s. Suppose -3*c = -0*c - s. What is the units digit of c?
1
Let i(g) = -4*g**3 + 19*g**2 - 19*g - 2. Let h(q) = -2*q**3 + 9*q**2 - 9*q - 2. Let c(s) = -5*h(s) + 2*i(s). What is the units digit of c(4)?
0
Let z = 140 - 100. Suppose j - z = 42. What is the tens digit of j?
8
Suppose 17 - 336 = -2*j - d, j - 164 = -2*d. Let y = j + -103. What is the units digit of y?
5
Let n(g) = 4 - g - 5 + 5 - 5. Let f be n(9). What is the units digit of (-14)/3*15/f?
7
Let h be (-7)/((-98)/(-4)) - (-6)/21. Suppose h = -2*b, 5*q - 253 - 567 = 4*b. What is the units digit of q?
4
Let z(c) = -c**3 - 41*c**2 - 7*c + 38. What is the units digit of z(-41)?
5
Suppose -988 + 241 = -9*t. Let c = t - 61. What is the units digit of c?
2
Let i be (-81)/5 - 1/(-5). Let m be (-2 - (9/7 - -1))*-7. Let b = i + m. What is the tens digit of b?
1
Let k(p) be the second derivative of -9*p**3/2 - 13*p**2/2 - 5*p. What is the tens digit of k(-5)?
2
Suppose 2*s = 3*n + 28, -2*s - 2 + 6 = 0. What is the tens digit of 3/12 - 278/n?
3
Let p be 13/39 - 1054/(-6). Suppose -7*s = -9*s + p. What is the units digit of s?
8
Let y = -314 - -640. What is the tens digit of y?
2
Let r(g) = -3*g**2 - 2*g + g**2 - 9 + 6*g**2 - 2*g**2. Let b be r(8). Suppose -2*f - 5*u = -45, 2*u = -3*f - 30 + b. What is the tens digit of f?
2
Let l(n) = 311*n**2 + 7*n + 33. What is the tens digit of l(-3)?
1
Let j = -285 - -547. Suppose -4*r + j = 50. What is the units digit of r?
3
Let u(r) = 9*r**3 - 3*r**2 - 3*r + 10. Let p(a) = -13*a**3 + 5*a**2 + 5*a - 15. Let c(d) = 5*p(d) + 7*u(d). What is the tens digit of c(-3)?
7
Let w(c) = -c**3 - 6*c**2 - 23*c - 5. What is the hundreds digit of w(-7)?
2
Let z be (-6)/(-4) + 1/2 + 0. Suppose 4*g + z*m = 2*g + 176, 4*g + 3*m = 357. What is the units digit of g?
3
Let f be (-12)/3*(14 + 2)*2. Let w = f + 234. What is the units digit of w?
6
Let t = -117 + 121. What is the units digit of 5/(10/(-873))*t/(-6)?
1
Let r(a) = 6 - 118*a - 137*a + 43*a - 3. What is the units digit of r(-1)?
5
Suppose -b - 5 = -4*b - 4*f, 2*b - 3*f - 9 = 0. Let h(z) = -13 + 0*z + b*z - 5*z + 7*z. What is the tens digit of h(7)?
2
Let l = -1196 - -2379. What is the tens digit of l?
8
Let j(w) = -w**2 + w + 8. Let l be j(4). Let x be (2/l)/((-4)/32). Suppose -6*a + a - 92 = -x*o, -2*a = o - 10. What is the tens digit of o?
1
Suppose 0 = -4*w + 109 + 67. What is the tens digit of w?
4
Suppose 11*d = 9*d + 1868. What is the hundreds digit of d?
9
Let s be 0 + -2 - ((4 - 1) + -327). Suppose c - 340 = 2*j, -c - 3*j = -s - 23. What is the units digit of c?
2
Suppose -n + 3 = 2*n + 2*h, -h - 12 = -3*n. Suppose 4 = 4*g - n*g. Suppose 0 = g*u - 16 - 8. What is the units digit of u?
6
Suppose -1504 = -j + m - 210, -4*j + 3*m = -5181. What is the units digit of j?
9
Let p(n) = 12*n - 79. Let a be p(7). Suppose -a = 3*r - 14, 0 = -3*v - 5*r + 627. What is the units digit of v?
4
Let k = -13 + 112. Suppose 3*f + k = 4*f - 2*a, 234 = 2*f + 5*a. What is the hundreds digit of f?
1
Suppose 0 = -2*b - 43 + 1. Let u = b - -65. Suppose -3*p - 2*p + 4*t = -76, -4*t = -3*p + u. What is the tens digit of p?
1
Suppose 21725 = 29*a - 2780. What is the tens digit of a?
4
Let t be (-6 - 51) + (4 - 1). Let s = t + 95. What is the units digit of s?
1
Suppose 5*c + 3 = 13. What is the units digit of c/(-4)*(-52)/13?
2
Suppose 2*t + 13090 = 13*t. What is the tens digit of t?
9
Let c(a) = a**3 - 4*a**2 + a - 4. Let i be c(4). Suppose 5*t - 198 - 92 = i. What is the tens digit of t?
5
Let y(c) = -c**3 + c**2 + 4*c - 2. Let h be y(3). Let l(s) = 17*s + 1. Let z(w) = -21*w - 1. Let k(n) = -4*l(n) - 3*z(n). What is the tens digit of k(h)?
3
Suppose 46 = 2*x - 4*y, -5*x - 4*y - y + 55 = 0. Suppose l = 5*b + x, 3*l + 0*l + b - 93 = 0. What is the units digit of l?
0
Suppose -41 = t - 23. Let s(v) = -7*v - 16. Let k be s(t). Suppose -b = b - k. What is the tens digit of b?
5
Let x be ((-4)/(-3))/(2/(-12)). Let z(f) = 7*f + 95. Let g be z(-15). What is the units digit of 1 + 28/x*g?
6
Suppose -36*v = -35*v - 3, 5*o - 9809 = -3*v. What is the units digit of o?
0
Let u(c) = c**2 - c + 12. Let o(z) = -z - 25. Let p be o(-11). Let x = 14 + p. What is the tens digit of u(x)?
1
Let u be 728 - 0 - -1 - (22 - 21). Let z = u + -484. What is the tens digit of z?
4
Let z(i) = -2*i - 5. Let d be z(-7). Suppose -10*u + 2 = -d*u. What is the units digit of u/(-15) - 94/(-30)?
3
Let o(g) = -4*g + 5. Let v be o(-17). Let p = 74 - v. What is the units digit of p?
1
Suppose 2*k = -4, 3*t - 4*k - 364 = t. Suppose -6*d - t + 1324 = 0. What is the tens digit of d?
9
Suppose 0 = 7*v - v - 18. Suppose 0 = 2*y + a - 2*a - 83, 0 = v*y - 3*a - 123. Suppose -5*s + 141 = 2*k + 44, -k = -4*s - y. What is the units digit of k?
6
Let y = 1000 - 524. Suppose -m + 3*k = -107 - 12, k - y = -4*m. What is the tens digit of m?
1
Let z(q) = -2*q + 1. Let p be z(0). Suppose 0 = -i + 2*g - 1, 3*i + 2*g - 6 = -p. Suppose 5*r = -2*y + i + 4, r - 4*y = 1. What is the units digit of r?
1
Let w be 9/(1 - 135/140). Let t = -52 + w. What is the tens digit of t?
0
Suppose -y = -4*y. Suppose -22 = -a + 5*w, y*w = -4*a + 4*w + 24. Suppose 60 = -a*o + 6*o. What is the tens digit of o?
1
Suppose 973*b - 983*b = -20420. What is the units digit of b?
2
Let n = 1 - 1. Suppose j = -n*j + 2. Let b = j - -15. What is the units digit of b?
7
What is the hundreds digit of (-4)/(-18)*3 - (-9685)/39?
2
What is the units digit of 184/(-5)*(-6 + -23 + 4)?
0
Let m be ((-154)/(-33))/((-2)/3). What is the tens digit of 50 + m + (-3 - -6)?
4
Suppose 50 = -2*x + 12*x. Let n = x + 67. What is the units digit of n?
2
Let u = -333 - -548. Let d = -101 + u. What is the hundreds digit of d?
1
Let g(w) = 265*w - 141. What is the hundreds digit of g(3)?
6
Let m(v) = 9*v**2 + 24*v - 8. Let d be m(-12). Suppose -5*r = 5*o - d, -3*r = -r - 3*o - 405. What is the units digit of r?
1
Suppose -3*y - 717 = -5*b - 0*y, -2*y = -5*b + 718. Suppose 0 = -d + 3*d - 78. Suppose -d = 5*j - b. What is the units digit of j?
1
Let v(x) = x**3 + 7*x**2 + 4*x - 10. Let z be v(-6). Suppose -z*l + 279 - 29 = 0. What is the hundreds digit of l?
1
Suppose 5*d - 25 = -2*i, -5*d = -6*i + 3*i. Let b be 10/i*(-94)/4. Let c = -23 - b. What is the tens digit of c?
2
What is the units digit of (-4)/((-28)/49) - -2342?
9
Let d(w) = -2*w**3 - 3*w**2 + 1. Let g be d(-2). What is the tens digit of ((5/(-3))/g)/(5/(-1425))?
9
Let x = 19 - 11. Suppose -h + x - 3 = 0. Suppose -19 = -j + h*k, 0*k - 5*k = 2*j - 98. What is the tens digit of j?
3
Suppose -4*l + 9 = -11, g + 250 = -l. Let h = g - -379. What is the hundreds digit of h?
1
Let d(x) = 4*x - 6. Let a be d(3). Suppose -10 = -a*j - 4. What is the units digit of j?
1
Suppose 3*a = 2*a + 418. What is the units digit of a?
8
Let t(p) = -59*p**3 + 5*p**2 + 15*p + 39. What is the hundreds digit of t(-3)?
6
Let a = -67 - -12. Let p = -5 - a. What is the units digit of p?
0
Let n = -629 + 958. What is the units digit of n?
9
Let u(r) = 5*r**2 + 8*r + 7. What is the units digit of u(-1)?
4
Suppose -r - 106 = -4*x, 2*x - 5*x + 70 = 4*r. What is the tens digit of x?
2
Let n be 69 - (-3)/(-1)*(4 - 5). Suppose -82 = -z + 3*l + l, -z - l = -n. What is the units digit of z?
4
Let z = 18 - -1100. What is the hundreds digit of z?
1
Let y be (4/8)/((-2)/180). Let k = y + 46. What is the units digit of k?
1
Let g(q) = -q**3 + 7*q**2 - 14*q + 8. Let l be g(4). Suppose l = -x - y + 130 - 10, -3*y = -5*x + 568. What is the hundreds digit of x?
1
Let u be ((-3)/(-4))/(4/80). Suppose u = -s + 4. Let n(i) = -i**3 - 11*i**2 + i + 14. What is t